{"id":244,"date":"2018-05-19T23:32:23","date_gmt":"2018-05-19T23:32:23","guid":{"rendered":"http:\/\/naturheilpraxis-bodanrueck.de\/?page_id=244"},"modified":"2018-07-21T21:48:00","modified_gmt":"2018-07-21T21:48:00","slug":"mein-praxiskonzept","status":"publish","type":"page","link":"https:\/\/naturheilpraxis-bodanrueck.de\/?page_id=244","title":{"rendered":"Mein Praxiskonzept"},"content":{"rendered":"<p style=\"text-align: justify;\">Wir Menschen sind st\u00e4ndigen Wechselwirkungen unserer Umwelt ausgesetzt und somit muss unser Organismus kontinuierlich diese Herausforderungen ausgleichen.<\/p>\n<p style=\"text-align: justify;\">Zu hohe Belastungen oder daraus resultierende M\u00e4ngel f\u00fchren zu Verschiebungen des inneren Gleichgewichtes. Dadurch kann es zum Ungleichgewicht der Regelsysteme des gesamten Organismus kommen, welche mit Erkrankungen oder auch oft nur mit einzelnen Symptomen in Erscheinung treten.<\/p>\n<p style=\"text-align: justify;\">Diese im Vordergrund liegenden Symptome werden heutzutage h\u00e4ufig behandelt, ohne ihre Ursache zu ergr\u00fcnden und zu beseitigen. Dadurch zeigen sich viele Erkrankungen klassischer Heilmethoden als therapieresistent.<\/p>\n<p style=\"text-align: justify;\">Die Ursachen vieler Erkrankungen sind, h\u00e4ufiger als bisher angenommen, Pilze, Viren, Bakterien, W\u00fcrmer oder sonstige Parasiten und E-Smog oder geologische St\u00f6rfelder.<\/p>\n<p style=\"text-align: justify;\">Mit meiner Arbeit m\u00f6chte ich diese Belastungen und Ursachen individuell erkennen und meine Patienten therapeutisch auf mehreren Ebenen begleiten und unterst\u00fctzen:<\/p>\n<ul style=\"text-align: justify;\">\n<li><em><strong>vorausschauend - pr\u00e4ventiv<\/strong><\/em> \u00a0 -\u00a0\u00a0 damit Krankheiten erst gar nicht entstehen<\/li>\n<li><em><strong>begleitend - therapierend\u00a0<\/strong><\/em>\u00a0 -\u00a0\u00a0\u00a0 w\u00e4hrend akuten und chronischen Erkrankungen<\/li>\n<li><em><strong>stabilisierend - st\u00e4rkend<\/strong><\/em>\u00a0 \u00a0 \u00a0\u00a0 -\u00a0\u00a0\u00a0 bei der Nachbehandlung von Erkrankungen<\/li>\n<\/ul>\n<p style=\"text-align: justify;\">F\u00fcr mich ist es wichtig, den Menschen in seiner Gesamtheit mit seinen k\u00f6rperlichen, geistigen und seelischen Aspekten zu betrachten.<\/p>\n<p style=\"text-align: justify;\">Ich bin offen f\u00fcr eine direkte Zusammenarbeit zwischen naturheilkundlicher Medizin und allgemeiner und fachbezogener Schulmedizin, um alle Heilungschancen f\u00fcr meine Patienten aussch\u00f6pfen zu k\u00f6nnen.<\/p>\n","protected":false},"excerpt":{"rendered":"<p>Wir Menschen sind st\u00e4ndigen Wechselwirkungen unserer Umwelt ausgesetzt und somit muss unser Organismus kontinuierlich diese Herausforderungen ausgleichen. Zu hohe Belastungen oder daraus resultierende M\u00e4ngel f\u00fchren zu Verschiebungen des inneren Gleichgewichtes. Dadurch kann es zum Ungleichgewicht der Regelsysteme des gesamten Organismus kommen, welche mit Erkrankungen oder auch oft nur mit einzelnen Symptomen in Erscheinung treten. Diese <a href=\"https:\/\/naturheilpraxis-bodanrueck.de\/?page_id=244\" class=\"more-link\">...weiterlesen<span class=\"screen-reader-text\"> \"Mein Praxiskonzept\"<\/span><\/a><\/p>\n","protected":false},"author":1,"featured_media":0,"parent":0,"menu_order":0,"comment_status":"closed","ping_status":"closed","template":"","meta":{"footnotes":""},"class_list":["post-244","page","type-page","status-publish","h-entry","hentry","h-as-page"],"_links":{"self":[{"href":"https:\/\/naturheilpraxis-bodanrueck.de\/index.php?rest_route=\/wp\/v2\/pages\/244","targetHints":{"allow":["GET"]}}],"collection":[{"href":"https:\/\/naturheilpraxis-bodanrueck.de\/index.php?rest_route=\/wp\/v2\/pages"}],"about":[{"href":"https:\/\/naturheilpraxis-bodanrueck.de\/index.php?rest_route=\/wp\/v2\/types\/page"}],"author":[{"embeddable":true,"href":"https:\/\/naturheilpraxis-bodanrueck.de\/index.php?rest_route=\/wp\/v2\/users\/1"}],"replies":[{"embeddable":true,"href":"https:\/\/naturheilpraxis-bodanrueck.de\/index.php?rest_route=%2Fwp%2Fv2%2Fcomments&post=244"}],"version-history":[{"count":14,"href":"https:\/\/naturheilpraxis-bodanrueck.de\/index.php?rest_route=\/wp\/v2\/pages\/244\/revisions"}],"predecessor-version":[{"id":951,"href":"https:\/\/naturheilpraxis-bodanrueck.de\/index.php?rest_route=\/wp\/v2\/pages\/244\/revisions\/951"}],"wp:attachment":[{"href":"https:\/\/naturheilpraxis-bodanrueck.de\/index.php?rest_route=%2Fwp%2Fv2%2Fmedia&parent=244"}],"curies":[{"name":"wp","href":"https:\/\/api.w.org\/{rel}","templated":true}]}}